remainder when 23194 is divided by 727.
657
Calculate the remainder when 1043 is divided by 37.
7
What is the remainder when 52889 is divided by 410?
409
Calculate the remainder when 1834 is divided by 1340.
494
Calculate the remainder when 7518 is divided by 58.
36
Calculate the remainder when 12138 is divided by 3031.
14
Calculate the remainder when 39308 is divided by 1267.
31
Calculate the remainder when 38405 is divided by 2545.
230
Calculate the remainder when 7694 is divided by 622.
230
Calculate the remainder when 28390 is divided by 7088.
38
What is the remainder when 3487 is divided by 35?
22
Calculate the remainder when 41086 is divided by 7.
3
What is the remainder when 11361 is divided by 203?
196
Calculate the remainder when 83411 is divided by 982.
923
Calculate the remainder when 26391 is divided by 6519.
315
Calculate the remainder when 43792 is divided by 315.
7
What is the remainder when 18922 is divided by 2084?
166
What is the remainder when 31649 is divided by 7908?
17
Calculate the remainder when 1664 is divided by 47.
19
What is the remainder when 24815 is divided by 564?
563
Calculate the remainder when 8331 is divided by 3500.
1331
Calculate the remainder when 106638 is divided by 599.
16
Calculate the remainder when 1722 is divided by 1187.
535
Calculate the remainder when 56844 is divided by 28421.
2
What is the remainder when 110423 is divided by 110409?
14
Calculate the remainder when 5411373 is divided by 48.
45
What is the remainder when 38609 is divided by 30?
29
What is the remainder when 6245 is divided by 238?
57
What is the remainder when 18579 is divided by 1984?
723
Calculate the remainder when 50224 is divided by 25104.
16
What is the remainder when 2128 is divided by 96?
16
What is the remainder when 27810 is divided by 9259?
33
Calculate the remainder when 13012 is divided by 509.
287
Calculate the remainder when 25203 is divided by 12601.
1
Calculate the remainder when 204155 is divided by 175.
105
What is the remainder when 10054 is divided by 558?
10
What is the remainder when 1352178 is divided by 1394?
1392
Calculate the remainder when 17693 is divided by 347.
343
What is the remainder when 5520 is divided by 355?
195
Calculate the remainder when 8578654 is divided by 108.
106
What is the remainder when 4332549 is divided by 41?
38
What is the remainder when 27866 is divided by 2782?
46
Calculate the remainder when 2008 is divided by 146.
110
What is the remainder when 6988 is divided by 2327?
7
Calculate the remainder when 23914 is divided by 2391.
4
What is the remainder when 1163 is divided by 581?
1
Calculate the remainder when 84804 is divided by 4988.
8
What is the remainder when 2483 is divided by 4?
3
Calculate the remainder when 3752 is divided by 5.
2
What is the remainder when 8360 is divided by 8358?
2
What is the remainder when 7404 is divided by 21?
12
Calculate the remainder when 997020 is divided by 31.
29
What is the remainder when 10560 is divided by 2586?
216
What is the remainder when 12785 is divided by 6375?
35
Calculate the remainder when 18935 is divided by 274.
29
What is the remainder when 19970 is divided by 17?
12
Calculate the remainder when 36774 is divided by 5249.
31
What is the remainder when 104110 is divided by 24?
22
Calculate the remainder when 2760 is divided by 504.
240
Calculate the remainder when 13422 is divided by 1631.
374
What is the remainder when 91161 is divided by 71?
68
Calculate the remainder when 24055 is divided by 124.
123
What is the remainder when 2360 is divided by 782?
14
What is the remainder when 10654 is divided by 2653?
42
What is the remainder when 162200 is divided by 19?
16
Calculate the remainder when 574291 is divided by 20.
11
What is the remainder when 31352 is divided by 3894?
200
What is the remainder when 2278 is divided by 2263?
15
Calculate the remainder when 105999 is divided by 24.
15
Calculate the remainder when 887 is divided by 284.
35
What is the remainder when 142732 is divided by 27?
10
Calculate the remainder when 460665 is divided by 2.
1
What is the remainder when 197459 is divided by 456?
11
What is the remainder when 412 is divided by 18?
16
Calculate the remainder when 222532 is divided by 78.
76
Calculate the remainder when 328 is divided by 4.
0
What is the remainder when 9387 is divided by 294?
273
What is the remainder when 525375 is divided by 64?
63
Calculate the remainder when 53685 is divided by 109.
57
What is the remainder when 11866 is divided by 319?
63
What is the remainder when 136787 is divided by 9?
5
Calculate the remainder when 5635 is divided by 2815.
5
What is the remainder when 10194 is divided by 3386?
36
Calculate the remainder when 1083 is divided by 243.
111
What is the remainder when 75321 is divided by 75243?
78
Calculate the remainder when 1183882 is divided by 5.
2
What is the remainder when 13021 is divided by 32?
29
What is the remainder when 671787 is divided by 42?
39
What is the remainder when 17144 is divided by 813?
71
What is the remainder when 2108 is divided by 6?
2
What is the remainder when 78076 is divided by 80?
76
Calculate the remainder when 2336 is divided by 198.
158
Calculate the remainder when 8652 is divided by 1232.
28
What is the remainder when 24895 is divided by 88?
79
Calculate the remainder when 25254 is divided by 152.
22
What is the remainder when 5442 is divided by 52?
34
Calculate the remainder when 60505 is divided by 10.
5
Calculate the remainder when 790 is divided by 193.
18
Calculate the remainder when 94563 is divided by 15760.
3
What is the remainder when 8890 is divided by 36?
34
Calculate the remainder when 2796 is divided by 114.
60
What is the remainder when 1214 is divided by 310?
284
What is the remainder when 6879 is divided by 3397?
85
Calculate the remainder when 122625 is divided by 38.
37
Calculate the remainder when 13496 is divided by 3350.
96
Calculate the remainder when 891 is divided by 540.
351
What is the remainder when 87202 is divided by 29047?
61
What is the remainder when 5540 is divided by 1735?
335
Calculate the remainder when 4130 is divided by 1373.
11
What is the remainder when 2053144 is divided by 151?
148
Calculate the remainder when 16149 is divided by 252.
21
What is the remainder when 458982 is divided by 25?
7
What is the remainder when 302277 is divided by 63?
3
What is the remainder when 18622 is divided by 106?
72
What is the remainder when 320840 is divided by 153?
152
What is the remainder when 51753 is divided by 35?
23
Calculate the remainder when 1428 is divided by 262.
118
Calculate the remainder when 46835 is divided by 509.
7
Calculate the remainder when 3979529 is divided by 15.
14
Calculate the remainder when 92233 is divided by 119.
8
Calculate the remainder when 23987 is divided by 407.
381
Calculate the remainder when 20449 is divided by 47.
4
What is the remainder when 3996 is divided by 1285?
141
Calculate the remainder when 2146 is divided by 1027.
92
Calculate the remainder when 1692673 is divided by 121.
4
What is the remainder when 9819 is divided by 37?
14
What is the remainder when 38926 is divided by 18?
10
What is the remainder when 48821 is divided by 201?
179
What is the remainder when 47755 is divided by 272?
155
Calculate the remainder when 3823 is divided by 544.
15
Calculate the remainder when 13787 is divided by 226.
1
What is the remainder when 215009 is divided by 1097?
1094
Calculate the remainder when 19257 is divided by 363.
18
What is the remainder when 30292 is divided by 102?
100
Calculate the remainder when 9306 is divided by 252.
234
What is the remainder when 14946 is divided by 6599?
1748
What is the remainder when 11401 is divided by 493?
62
Calculate the remainder when 26103 is divided by 8699.
6
Calculate the remainder when 1121 is divided by 888.
233
What is the remainder when 116470 is divided by 18?
10
What is the remainder when 2134 is divided by 621?
271
What is the remainder when 5678 is divided by 48?
14
Calculate the remainder when 92127 is divided by 3838.
15
Calculate the remainder when 196579 is divided by 774.
757
What is the remainder when 69293 is divided by 4?
1
Calculate the remainder when 1647 is divided by 139.
118
What is the remainder when 